{"id":456,"date":"2022-09-15T16:21:57","date_gmt":"2022-09-15T14:21:57","guid":{"rendered":"https:\/\/www.ltv-sachsen.de\/wanderundpilgerakademie\/?post_type=termine&#038;p=456"},"modified":"2022-09-15T16:22:42","modified_gmt":"2022-09-15T14:22:42","slug":"regionaler-erfahrungsaustausch-in-der-region-chemnitz-zwickau","status":"publish","type":"termine","link":"https:\/\/www.ltv-sachsen.de\/wanderundpilgerakademie\/aktuelles\/termine\/regionaler-erfahrungsaustausch-in-der-region-chemnitz-zwickau\/","title":{"rendered":"Regionaler Erfahrungsaustausch in der Region Chemnitz-Zwickau"},"content":{"rendered":"<p><strong>Die Wander- und Pilgerakademie Sachsen m\u00f6chte den Erfahrungsaustausch unterschiedlicher Akteure vor Ort erm\u00f6glichen.<\/strong><\/p>\n<p>Wir m\u00f6chten, dass sich Menschen aus den Kirchgemeinden, die sich f\u00fcr das Thema \u201eOffene Kirchen&#8220; einsetzen, mit Menschen aus dem regionalen Umfeld, die sich mit dem Themenfeld \u201eWandern, Pilgern, Kirche und Tourismus&#8220; besch\u00e4ftigen, begegnen k\u00f6nnen.<\/p>\n<p>Dazu wird es im Jahr 2022 an sieben unterschiedlichen Orten in Sachsen Freitagnachmittags die Gelegenheit zum Austausch geben. Bereits am Vormittag startet jeweils ein hochkar\u00e4tiger Fachvortrag in Verbindung mit der Besichtigung einer bedeutenden Kirchen oder eines anderen geschichtlich relevanten Ortes.<\/p>\n<p>Es folgt ein Angebot f\u00fcr das Mittagessen. Nach dem Mittagessen gibt es Informationen aus der touristischen Destination und wir laden zum Erfahrungsaustausch und zum Gespr\u00e4ch ein.<\/p>\n<p>Wir freuen uns, wenn Sie interessiert sind und sich anmelden!<br \/>\nSie k\u00f6nnen sich auch nur zu Besichtigung und Fachvortrag am Vormittag anmelden.<\/p>\n<p>Thematisch wird es in Zwickau um die sakrale Schnitzkunst des Sp\u00e4tmittelalters im s\u00fcdwests\u00e4chsischen Raum mit besonderer Ber\u00fccksichtigung des Bildschnitzers Peter Breuer gehen, der das Thema auch noch mit der Stadt Zwickau exemplarisch verbindet. F\u00fcr den Fachvortrag konnten wir Prof. Thomas P\u00f6pper (Zwickau und Schneeberg) gewinnen.<\/p>\n<p>Die Veranstaltung beginnt 10.00 Uhr. Ein Angebot zum Mittagessen wird es geben. Es entstehen keine Kosten (das Projekt wird gef\u00f6rdert vom Freistaat Sachsen).<\/p>\n<p>Eingeladen sind Akteure der \u201eOffenen Kirchen&#8220;, der Pilgerinitiativen, der Wanderverb\u00e4nde, sowie Menschen, die sich als Wegewarte oder im Bereich Kirche und Tourismus in der Oberlausitz engagieren. Diese Veranstaltung wird mitfinanziert durch Steuermittel auf der Grundlage des vom S\u00e4chsischen Landtag beschlossenen Haushalts.<\/p>\n<p><a class=\"button button--primary\" href=\"https:\/\/www.eeb-sachsen.de\/regionaler-erfahrungsaustausch-in-zwickau.html?fart=1\">Zur Anmeldung<\/a><\/p>\n","protected":false},"featured_media":214,"template":"","bereich":[],"class_list":["post-456","termine","type-termine","status-publish","has-post-thumbnail","hentry"],"acf":[],"yoast_head":"<!-- This site is optimized with the Yoast SEO plugin v26.4 - https:\/\/yoast.com\/wordpress\/plugins\/seo\/ -->\n<title>Regionaler Erfahrungsaustausch in der Region Chemnitz-Zwickau - Wander- und Pilgerakademie<\/title>\n<meta name=\"robots\" content=\"index, follow, max-snippet:-1, max-image-preview:large, max-video-preview:-1\" \/>\n<link rel=\"canonical\" href=\"https:\/\/www.ltv-sachsen.de\/wanderundpilgerakademie\/aktuelles\/termine\/regionaler-erfahrungsaustausch-in-der-region-chemnitz-zwickau\/\" \/>\n<meta property=\"og:locale\" content=\"de_DE\" \/>\n<meta property=\"og:type\" content=\"article\" \/>\n<meta property=\"og:title\" content=\"Regionaler Erfahrungsaustausch in der Region Chemnitz-Zwickau - Wander- und Pilgerakademie\" \/>\n<meta property=\"og:description\" content=\"Die Wander- und Pilgerakademie Sachsen m\u00f6chte den Erfahrungsaustausch unterschiedlicher Akteure vor Ort erm\u00f6glichen. Wir m\u00f6chten, dass sich Menschen aus den Kirchgemeinden, die sich f\u00fcr das Thema \u201eOffene Kirchen&#8220; einsetzen, mit Menschen aus dem regionalen Umfeld, die sich mit dem Themenfeld \u201eWandern, Pilgern, Kirche und Tourismus&#8220; besch\u00e4ftigen, begegnen k\u00f6nnen. Dazu wird es im Jahr 2022 an [&hellip;]\" \/>\n<meta property=\"og:url\" content=\"https:\/\/www.ltv-sachsen.de\/wanderundpilgerakademie\/aktuelles\/termine\/regionaler-erfahrungsaustausch-in-der-region-chemnitz-zwickau\/\" \/>\n<meta property=\"og:site_name\" content=\"Wander- und Pilgerakademie\" \/>\n<meta property=\"article:modified_time\" content=\"2022-09-15T14:22:42+00:00\" \/>\n<meta property=\"og:image\" content=\"https:\/\/www.ltv-sachsen.de\/wp-content\/uploads\/sites\/2\/2022\/06\/MG_6674-min.jpg\" \/>\n\t<meta property=\"og:image:width\" content=\"1024\" \/>\n\t<meta property=\"og:image:height\" content=\"683\" \/>\n\t<meta property=\"og:image:type\" content=\"image\/jpeg\" \/>\n<meta name=\"twitter:card\" content=\"summary_large_image\" \/>\n<meta name=\"twitter:label1\" content=\"Gesch\u00e4tzte Lesezeit\" \/>\n\t<meta name=\"twitter:data1\" content=\"2\u00a0Minuten\" \/>\n<script type=\"application\/ld+json\" class=\"yoast-schema-graph\">{\"@context\":\"https:\/\/schema.org\",\"@graph\":[{\"@type\":\"WebPage\",\"@id\":\"https:\/\/www.ltv-sachsen.de\/wanderundpilgerakademie\/aktuelles\/termine\/regionaler-erfahrungsaustausch-in-der-region-chemnitz-zwickau\/\",\"url\":\"https:\/\/www.ltv-sachsen.de\/wanderundpilgerakademie\/aktuelles\/termine\/regionaler-erfahrungsaustausch-in-der-region-chemnitz-zwickau\/\",\"name\":\"Regionaler Erfahrungsaustausch in der Region Chemnitz-Zwickau - Wander- und Pilgerakademie\",\"isPartOf\":{\"@id\":\"https:\/\/www.ltv-sachsen.de\/wanderundpilgerakademie\/#website\"},\"primaryImageOfPage\":{\"@id\":\"https:\/\/www.ltv-sachsen.de\/wanderundpilgerakademie\/aktuelles\/termine\/regionaler-erfahrungsaustausch-in-der-region-chemnitz-zwickau\/#primaryimage\"},\"image\":{\"@id\":\"https:\/\/www.ltv-sachsen.de\/wanderundpilgerakademie\/aktuelles\/termine\/regionaler-erfahrungsaustausch-in-der-region-chemnitz-zwickau\/#primaryimage\"},\"thumbnailUrl\":\"https:\/\/www.ltv-sachsen.de\/wp-content\/uploads\/sites\/2\/2022\/06\/MG_6674-min.jpg\",\"datePublished\":\"2022-09-15T14:21:57+00:00\",\"dateModified\":\"2022-09-15T14:22:42+00:00\",\"breadcrumb\":{\"@id\":\"https:\/\/www.ltv-sachsen.de\/wanderundpilgerakademie\/aktuelles\/termine\/regionaler-erfahrungsaustausch-in-der-region-chemnitz-zwickau\/#breadcrumb\"},\"inLanguage\":\"de\",\"potentialAction\":[{\"@type\":\"ReadAction\",\"target\":[\"https:\/\/www.ltv-sachsen.de\/wanderundpilgerakademie\/aktuelles\/termine\/regionaler-erfahrungsaustausch-in-der-region-chemnitz-zwickau\/\"]}]},{\"@type\":\"ImageObject\",\"inLanguage\":\"de\",\"@id\":\"https:\/\/www.ltv-sachsen.de\/wanderundpilgerakademie\/aktuelles\/termine\/regionaler-erfahrungsaustausch-in-der-region-chemnitz-zwickau\/#primaryimage\",\"url\":\"https:\/\/www.ltv-sachsen.de\/wp-content\/uploads\/sites\/2\/2022\/06\/MG_6674-min.jpg\",\"contentUrl\":\"https:\/\/www.ltv-sachsen.de\/wp-content\/uploads\/sites\/2\/2022\/06\/MG_6674-min.jpg\",\"width\":1024,\"height\":683},{\"@type\":\"BreadcrumbList\",\"@id\":\"https:\/\/www.ltv-sachsen.de\/wanderundpilgerakademie\/aktuelles\/termine\/regionaler-erfahrungsaustausch-in-der-region-chemnitz-zwickau\/#breadcrumb\",\"itemListElement\":[{\"@type\":\"ListItem\",\"position\":1,\"name\":\"Home\",\"item\":\"https:\/\/www.ltv-sachsen.de\/wanderundpilgerakademie\/\"},{\"@type\":\"ListItem\",\"position\":2,\"name\":\"Termine\",\"item\":\"https:\/\/www.ltv-sachsen.de\/wanderundpilgerakademie\/aktuelles\/termine\/\"},{\"@type\":\"ListItem\",\"position\":3,\"name\":\"Regionaler Erfahrungsaustausch in der Region Chemnitz-Zwickau\"}]},{\"@type\":\"WebSite\",\"@id\":\"https:\/\/www.ltv-sachsen.de\/wanderundpilgerakademie\/#website\",\"url\":\"https:\/\/www.ltv-sachsen.de\/wanderundpilgerakademie\/\",\"name\":\"Wander- und Pilgerakademie\",\"description\":\"Allgemeine Infos zur Wander- und Pilgerakademie\",\"potentialAction\":[{\"@type\":\"SearchAction\",\"target\":{\"@type\":\"EntryPoint\",\"urlTemplate\":\"https:\/\/www.ltv-sachsen.de\/wanderundpilgerakademie\/?s={search_term_string}\"},\"query-input\":{\"@type\":\"PropertyValueSpecification\",\"valueRequired\":true,\"valueName\":\"search_term_string\"}}],\"inLanguage\":\"de\"}]}<\/script>\n<!-- \/ Yoast SEO plugin. -->","yoast_head_json":{"title":"Regionaler Erfahrungsaustausch in der Region Chemnitz-Zwickau - Wander- und Pilgerakademie","robots":{"index":"index","follow":"follow","max-snippet":"max-snippet:-1","max-image-preview":"max-image-preview:large","max-video-preview":"max-video-preview:-1"},"canonical":"https:\/\/www.ltv-sachsen.de\/wanderundpilgerakademie\/aktuelles\/termine\/regionaler-erfahrungsaustausch-in-der-region-chemnitz-zwickau\/","og_locale":"de_DE","og_type":"article","og_title":"Regionaler Erfahrungsaustausch in der Region Chemnitz-Zwickau - Wander- und Pilgerakademie","og_description":"Die Wander- und Pilgerakademie Sachsen m\u00f6chte den Erfahrungsaustausch unterschiedlicher Akteure vor Ort erm\u00f6glichen. Wir m\u00f6chten, dass sich Menschen aus den Kirchgemeinden, die sich f\u00fcr das Thema \u201eOffene Kirchen&#8220; einsetzen, mit Menschen aus dem regionalen Umfeld, die sich mit dem Themenfeld \u201eWandern, Pilgern, Kirche und Tourismus&#8220; besch\u00e4ftigen, begegnen k\u00f6nnen. Dazu wird es im Jahr 2022 an [&hellip;]","og_url":"https:\/\/www.ltv-sachsen.de\/wanderundpilgerakademie\/aktuelles\/termine\/regionaler-erfahrungsaustausch-in-der-region-chemnitz-zwickau\/","og_site_name":"Wander- und Pilgerakademie","article_modified_time":"2022-09-15T14:22:42+00:00","og_image":[{"width":1024,"height":683,"url":"https:\/\/www.ltv-sachsen.de\/wp-content\/uploads\/sites\/2\/2022\/06\/MG_6674-min.jpg","type":"image\/jpeg"}],"twitter_card":"summary_large_image","twitter_misc":{"Gesch\u00e4tzte Lesezeit":"2\u00a0Minuten"},"schema":{"@context":"https:\/\/schema.org","@graph":[{"@type":"WebPage","@id":"https:\/\/www.ltv-sachsen.de\/wanderundpilgerakademie\/aktuelles\/termine\/regionaler-erfahrungsaustausch-in-der-region-chemnitz-zwickau\/","url":"https:\/\/www.ltv-sachsen.de\/wanderundpilgerakademie\/aktuelles\/termine\/regionaler-erfahrungsaustausch-in-der-region-chemnitz-zwickau\/","name":"Regionaler Erfahrungsaustausch in der Region Chemnitz-Zwickau - Wander- und Pilgerakademie","isPartOf":{"@id":"https:\/\/www.ltv-sachsen.de\/wanderundpilgerakademie\/#website"},"primaryImageOfPage":{"@id":"https:\/\/www.ltv-sachsen.de\/wanderundpilgerakademie\/aktuelles\/termine\/regionaler-erfahrungsaustausch-in-der-region-chemnitz-zwickau\/#primaryimage"},"image":{"@id":"https:\/\/www.ltv-sachsen.de\/wanderundpilgerakademie\/aktuelles\/termine\/regionaler-erfahrungsaustausch-in-der-region-chemnitz-zwickau\/#primaryimage"},"thumbnailUrl":"https:\/\/www.ltv-sachsen.de\/wp-content\/uploads\/sites\/2\/2022\/06\/MG_6674-min.jpg","datePublished":"2022-09-15T14:21:57+00:00","dateModified":"2022-09-15T14:22:42+00:00","breadcrumb":{"@id":"https:\/\/www.ltv-sachsen.de\/wanderundpilgerakademie\/aktuelles\/termine\/regionaler-erfahrungsaustausch-in-der-region-chemnitz-zwickau\/#breadcrumb"},"inLanguage":"de","potentialAction":[{"@type":"ReadAction","target":["https:\/\/www.ltv-sachsen.de\/wanderundpilgerakademie\/aktuelles\/termine\/regionaler-erfahrungsaustausch-in-der-region-chemnitz-zwickau\/"]}]},{"@type":"ImageObject","inLanguage":"de","@id":"https:\/\/www.ltv-sachsen.de\/wanderundpilgerakademie\/aktuelles\/termine\/regionaler-erfahrungsaustausch-in-der-region-chemnitz-zwickau\/#primaryimage","url":"https:\/\/www.ltv-sachsen.de\/wp-content\/uploads\/sites\/2\/2022\/06\/MG_6674-min.jpg","contentUrl":"https:\/\/www.ltv-sachsen.de\/wp-content\/uploads\/sites\/2\/2022\/06\/MG_6674-min.jpg","width":1024,"height":683},{"@type":"BreadcrumbList","@id":"https:\/\/www.ltv-sachsen.de\/wanderundpilgerakademie\/aktuelles\/termine\/regionaler-erfahrungsaustausch-in-der-region-chemnitz-zwickau\/#breadcrumb","itemListElement":[{"@type":"ListItem","position":1,"name":"Home","item":"https:\/\/www.ltv-sachsen.de\/wanderundpilgerakademie\/"},{"@type":"ListItem","position":2,"name":"Termine","item":"https:\/\/www.ltv-sachsen.de\/wanderundpilgerakademie\/aktuelles\/termine\/"},{"@type":"ListItem","position":3,"name":"Regionaler Erfahrungsaustausch in der Region Chemnitz-Zwickau"}]},{"@type":"WebSite","@id":"https:\/\/www.ltv-sachsen.de\/wanderundpilgerakademie\/#website","url":"https:\/\/www.ltv-sachsen.de\/wanderundpilgerakademie\/","name":"Wander- und Pilgerakademie","description":"Allgemeine Infos zur Wander- und Pilgerakademie","potentialAction":[{"@type":"SearchAction","target":{"@type":"EntryPoint","urlTemplate":"https:\/\/www.ltv-sachsen.de\/wanderundpilgerakademie\/?s={search_term_string}"},"query-input":{"@type":"PropertyValueSpecification","valueRequired":true,"valueName":"search_term_string"}}],"inLanguage":"de"}]}},"_links":{"self":[{"href":"https:\/\/www.ltv-sachsen.de\/wanderundpilgerakademie\/wp-json\/wp\/v2\/termine\/456","targetHints":{"allow":["GET"]}}],"collection":[{"href":"https:\/\/www.ltv-sachsen.de\/wanderundpilgerakademie\/wp-json\/wp\/v2\/termine"}],"about":[{"href":"https:\/\/www.ltv-sachsen.de\/wanderundpilgerakademie\/wp-json\/wp\/v2\/types\/termine"}],"wp:featuredmedia":[{"embeddable":true,"href":"https:\/\/www.ltv-sachsen.de\/wanderundpilgerakademie\/wp-json\/wp\/v2\/media\/214"}],"wp:attachment":[{"href":"https:\/\/www.ltv-sachsen.de\/wanderundpilgerakademie\/wp-json\/wp\/v2\/media?parent=456"}],"wp:term":[{"taxonomy":"bereich","embeddable":true,"href":"https:\/\/www.ltv-sachsen.de\/wanderundpilgerakademie\/wp-json\/wp\/v2\/bereich?post=456"}],"curies":[{"name":"wp","href":"https:\/\/api.w.org\/{rel}","templated":true}]}}

<p><strong>Die Wander- und Pilgerakademie Sachsen möchte den Erfahrungsaustausch unterschiedlicher Akteure vor Ort ermöglichen.</strong></p>
<p>Wir möchten, dass sich Menschen aus den Kirchgemeinden, die sich für das Thema „Offene Kirchen&#8220; einsetzen, mit Menschen aus dem regionalen Umfeld, die sich mit dem Themenfeld „Wandern, Pilgern, Kirche und Tourismus&#8220; beschäftigen, begegnen können.</p>
<p>Dazu wird es im Jahr 2022 an sieben unterschiedlichen Orten in Sachsen Freitagnachmittags die Gelegenheit zum Austausch geben. Bereits am Vormittag startet jeweils ein hochkarätiger Fachvortrag in Verbindung mit der Besichtigung einer bedeutenden Kirchen oder eines anderen geschichtlich relevanten Ortes.</p>
<p>Es folgt ein Angebot für das Mittagessen. Nach dem Mittagessen gibt es Informationen aus der touristischen Destination und wir laden zum Erfahrungsaustausch und zum Gespräch ein.</p>
<p>Wir freuen uns, wenn Sie interessiert sind und sich anmelden!<br />
Sie können sich auch nur zu Besichtigung und Fachvortrag am Vormittag anmelden.</p>
<p>Thematisch wird es in Zwickau um die sakrale Schnitzkunst des Spätmittelalters im südwestsächsischen Raum mit besonderer Berücksichtigung des Bildschnitzers Peter Breuer gehen, der das Thema auch noch mit der Stadt Zwickau exemplarisch verbindet. Für den Fachvortrag konnten wir Prof. Thomas Pöpper (Zwickau und Schneeberg) gewinnen.</p>
<p>Die Veranstaltung beginnt 10.00 Uhr. Ein Angebot zum Mittagessen wird es geben. Es entstehen keine Kosten (das Projekt wird gefördert vom Freistaat Sachsen).</p>
<p>Eingeladen sind Akteure der „Offenen Kirchen&#8220;, der Pilgerinitiativen, der Wanderverbände, sowie Menschen, die sich als Wegewarte oder im Bereich Kirche und Tourismus in der Oberlausitz engagieren. Diese Veranstaltung wird mitfinanziert durch Steuermittel auf der Grundlage des vom Sächsischen Landtag beschlossenen Haushalts.</p>
<p><a class="button button--primary" href="https://www.eeb-sachsen.de/regionaler-erfahrungsaustausch-in-zwickau.html?fart=1">Zur Anmeldung</a></p>

<!-- This site is optimized with the Yoast SEO plugin v26.4 - https://yoast.com/wordpress/plugins/seo/ -->
<title>Regionaler Erfahrungsaustausch in der Region Chemnitz-Zwickau - Wander- und Pilgerakademie</title>
<meta name="robots" content="index, follow, max-snippet:-1, max-image-preview:large, max-video-preview:-1" />
<link rel="canonical" href="https://www.ltv-sachsen.de/wanderundpilgerakademie/aktuelles/termine/regionaler-erfahrungsaustausch-in-der-region-chemnitz-zwickau/" />
<meta property="og:locale" content="de_DE" />
<meta property="og:type" content="article" />
<meta property="og:title" content="Regionaler Erfahrungsaustausch in der Region Chemnitz-Zwickau - Wander- und Pilgerakademie" />
<meta property="og:description" content="Die Wander- und Pilgerakademie Sachsen möchte den Erfahrungsaustausch unterschiedlicher Akteure vor Ort ermöglichen. Wir möchten, dass sich Menschen aus den Kirchgemeinden, die sich für das Thema „Offene Kirchen&#8220; einsetzen, mit Menschen aus dem regionalen Umfeld, die sich mit dem Themenfeld „Wandern, Pilgern, Kirche und Tourismus&#8220; beschäftigen, begegnen können. Dazu wird es im Jahr 2022 an [&hellip;]" />
<meta property="og:url" content="https://www.ltv-sachsen.de/wanderundpilgerakademie/aktuelles/termine/regionaler-erfahrungsaustausch-in-der-region-chemnitz-zwickau/" />
<meta property="og:site_name" content="Wander- und Pilgerakademie" />
<meta property="article:modified_time" content="2022-09-15T14:22:42+00:00" />
<meta property="og:image" content="https://www.ltv-sachsen.de/wp-content/uploads/sites/2/2022/06/MG_6674-min.jpg" />
	<meta property="og:image:width" content="1024" />
	<meta property="og:image:height" content="683" />
	<meta property="og:image:type" content="image/jpeg" />
<meta name="twitter:card" content="summary_large_image" />
<meta name="twitter:label1" content="Geschätzte Lesezeit" />
	<meta name="twitter:data1" content="2 Minuten" />
<script type="application/ld+json" class="yoast-schema-graph">{"@context":"https://schema.org","@graph":[{"@type":"WebPage","@id":"https://www.ltv-sachsen.de/wanderundpilgerakademie/aktuelles/termine/regionaler-erfahrungsaustausch-in-der-region-chemnitz-zwickau/","url":"https://www.ltv-sachsen.de/wanderundpilgerakademie/aktuelles/termine/regionaler-erfahrungsaustausch-in-der-region-chemnitz-zwickau/","name":"Regionaler Erfahrungsaustausch in der Region Chemnitz-Zwickau - Wander- und Pilgerakademie","isPartOf":{"@id":"https://www.ltv-sachsen.de/wanderundpilgerakademie/#website"},"primaryImageOfPage":{"@id":"https://www.ltv-sachsen.de/wanderundpilgerakademie/aktuelles/termine/regionaler-erfahrungsaustausch-in-der-region-chemnitz-zwickau/#primaryimage"},"image":{"@id":"https://www.ltv-sachsen.de/wanderundpilgerakademie/aktuelles/termine/regionaler-erfahrungsaustausch-in-der-region-chemnitz-zwickau/#primaryimage"},"thumbnailUrl":"https://www.ltv-sachsen.de/wp-content/uploads/sites/2/2022/06/MG_6674-min.jpg","datePublished":"2022-09-15T14:21:57+00:00","dateModified":"2022-09-15T14:22:42+00:00","breadcrumb":{"@id":"https://www.ltv-sachsen.de/wanderundpilgerakademie/aktuelles/termine/regionaler-erfahrungsaustausch-in-der-region-chemnitz-zwickau/#breadcrumb"},"inLanguage":"de","potentialAction":[{"@type":"ReadAction","target":["https://www.ltv-sachsen.de/wanderundpilgerakademie/aktuelles/termine/regionaler-erfahrungsaustausch-in-der-region-chemnitz-zwickau/"]}]},{"@type":"ImageObject","inLanguage":"de","@id":"https://www.ltv-sachsen.de/wanderundpilgerakademie/aktuelles/termine/regionaler-erfahrungsaustausch-in-der-region-chemnitz-zwickau/#primaryimage","url":"https://www.ltv-sachsen.de/wp-content/uploads/sites/2/2022/06/MG_6674-min.jpg","contentUrl":"https://www.ltv-sachsen.de/wp-content/uploads/sites/2/2022/06/MG_6674-min.jpg","width":1024,"height":683},{"@type":"BreadcrumbList","@id":"https://www.ltv-sachsen.de/wanderundpilgerakademie/aktuelles/termine/regionaler-erfahrungsaustausch-in-der-region-chemnitz-zwickau/#breadcrumb","itemListElement":[{"@type":"ListItem","position":1,"name":"Home","item":"https://www.ltv-sachsen.de/wanderundpilgerakademie/"},{"@type":"ListItem","position":2,"name":"Termine","item":"https://www.ltv-sachsen.de/wanderundpilgerakademie/aktuelles/termine/"},{"@type":"ListItem","position":3,"name":"Regionaler Erfahrungsaustausch in der Region Chemnitz-Zwickau"}]},{"@type":"WebSite","@id":"https://www.ltv-sachsen.de/wanderundpilgerakademie/#website","url":"https://www.ltv-sachsen.de/wanderundpilgerakademie/","name":"Wander- und Pilgerakademie","description":"Allgemeine Infos zur Wander- und Pilgerakademie","potentialAction":[{"@type":"SearchAction","target":{"@type":"EntryPoint","urlTemplate":"https://www.ltv-sachsen.de/wanderundpilgerakademie/?s={search_term_string}"},"query-input":{"@type":"PropertyValueSpecification","valueRequired":true,"valueName":"search_term_string"}}],"inLanguage":"de"}]}</script>
<!-- / Yoast SEO plugin. -->

Die Wander- und Pilgerakademie Sachsen möchte den Erfahrungsaustausch unterschiedlicher Akteure vor Ort ermöglichen. Wir möchten, dass sich Menschen aus den Kirchgemeinden, die sich für das Thema „Offene Kirchen&#8220; einsetzen, mit Menschen aus dem regionalen Umfeld, die sich mit dem Themenfeld „Wandern, Pilgern, Kirche und Tourismus&#8220; beschäftigen, begegnen können. Dazu wird es im Jahr 2022 an [&hellip;]
