{"id":299,"date":"2022-07-01T10:53:48","date_gmt":"2022-07-01T08:53:48","guid":{"rendered":"https:\/\/www.ltv-sachsen.de\/wanderundpilgerakademie\/?post_type=termine&#038;p=299"},"modified":"2022-11-10T11:42:21","modified_gmt":"2022-11-10T10:42:21","slug":"regionaler-erfahrungsaustausch-in-der-saechsischen-schweiz","status":"publish","type":"termine","link":"https:\/\/www.ltv-sachsen.de\/wanderundpilgerakademie\/aktuelles\/termine\/regionaler-erfahrungsaustausch-in-der-saechsischen-schweiz\/","title":{"rendered":"Regionaler Erfahrungsaustausch in der S\u00e4chsischen Schweiz"},"content":{"rendered":"<p><strong>Die Wander- und Pilgerakademie Sachsen m\u00f6chte den Erfahrungsaustausch unterschiedlicher Akteure vor Ort erm\u00f6glichen. <\/strong><\/p>\n<p>Wir m\u00f6chten, dass sich Menschen aus den Kirchgemeinden, die sich f\u00fcr das Thema \u201eOffene Kirchen&#8220; einsetzen, mit Menschen aus dem regionalen Umfeld, die sich mit dem Themenfeld \u201eWandern, Pilgern, Kirche und Tourismus&#8220; besch\u00e4ftigen, begegnen k\u00f6nnen.<br \/>\nDazu wird es im Jahr 2022 an sieben unterschiedlichen Orten in Sachsen Freitagnachmittags die Gelegenheit zum Austausch geben. Bereits am Vormittag startet jeweils ein hochkar\u00e4tiger Fachvortrag in Verbindung mit der Besichtigung einer bedeutenden Kirchen oder eines anderen geschichtlich relevanten Ortes.<br \/>\nEs folgt ein Angebot f\u00fcr das Mittagessen. Nach dem Mittagessen gibt es Informationen aus der touristischen Destination und wir laden zum Erfahrungsaustausch und zum Gespr\u00e4ch ein.<\/p>\n<p>Wir freuen uns, wenn Sie interessiert sind und sich anmelden!<br \/>\nSie k\u00f6nnen sich auch nur zu Besichtigung und Fachvortrag am Vormittag anmelden.<\/p>\n<p>Thematisch wird es in Pirna um die Einbindung der Stadt in die Geschichte Sachsens gehen. Unser Gast, der Dombaumeister i.R. G\u00fcnter Donath, wird das u.a. an Hand der gotische Klosterkirche des ehemaligen Dominikanerklosters am Rand der Altstadt und der Marienkirche (eine der gr\u00f6\u00dften sp\u00e4tgotischen Hallenkirchen) im Zentrum der Altstadt entfalten.<\/p>\n<p>Die Veranstaltung beginnt 10.00 Uhr. Ein Angebot zum Mittagessen wird es geben. Es entstehen keine Kosten (das Projekt wird gef\u00f6rdert vom Freistaat Sachsen).<\/p>\n<p>Eingeladen sind Akteure der \u201eOffenen Kirchen&#8220;, der Pilgerinitiativen, der Wanderverb\u00e4nde, sowie Menschen, die sich als Wegewarte oder im Bereich Kirche und Tourismus in der Region S\u00e4chsische Schweiz engagieren. Diese Veranstaltung wird mitfinanziert durch Steuermittel auf der Grundlage des vom S\u00e4chsischen Landtag beschlossenen Haushalts.<\/p>\n<p><a class=\"button button--primary\" href=\"https:\/\/www.eeb-sachsen.de\/regionaler-erfahrungsaustausch-in-der-s%C3%A4chsischen-schweiz.html?fart=1\" target=\"_blank\" rel=\"noopener\">Zur Anmeldung<\/a><\/p>\n","protected":false},"featured_media":301,"template":"","bereich":[],"class_list":["post-299","termine","type-termine","status-publish","has-post-thumbnail","hentry"],"acf":[],"yoast_head":"<!-- This site is optimized with the Yoast SEO plugin v26.4 - https:\/\/yoast.com\/wordpress\/plugins\/seo\/ -->\n<title>Regionaler Erfahrungsaustausch in der S\u00e4chsischen Schweiz - Wander- und Pilgerakademie<\/title>\n<meta name=\"robots\" content=\"index, follow, max-snippet:-1, max-image-preview:large, max-video-preview:-1\" \/>\n<link rel=\"canonical\" href=\"https:\/\/www.ltv-sachsen.de\/wanderundpilgerakademie\/aktuelles\/termine\/regionaler-erfahrungsaustausch-in-der-saechsischen-schweiz\/\" \/>\n<meta property=\"og:locale\" content=\"de_DE\" \/>\n<meta property=\"og:type\" content=\"article\" \/>\n<meta property=\"og:title\" content=\"Regionaler Erfahrungsaustausch in der S\u00e4chsischen Schweiz - Wander- und Pilgerakademie\" \/>\n<meta property=\"og:description\" content=\"Die Wander- und Pilgerakademie Sachsen m\u00f6chte den Erfahrungsaustausch unterschiedlicher Akteure vor Ort erm\u00f6glichen. Wir m\u00f6chten, dass sich Menschen aus den Kirchgemeinden, die sich f\u00fcr das Thema \u201eOffene Kirchen&#8220; einsetzen, mit Menschen aus dem regionalen Umfeld, die sich mit dem Themenfeld \u201eWandern, Pilgern, Kirche und Tourismus&#8220; besch\u00e4ftigen, begegnen k\u00f6nnen. Dazu wird es im Jahr 2022 an [&hellip;]\" \/>\n<meta property=\"og:url\" content=\"https:\/\/www.ltv-sachsen.de\/wanderundpilgerakademie\/aktuelles\/termine\/regionaler-erfahrungsaustausch-in-der-saechsischen-schweiz\/\" \/>\n<meta property=\"og:site_name\" content=\"Wander- und Pilgerakademie\" \/>\n<meta property=\"article:modified_time\" content=\"2022-11-10T10:42:21+00:00\" \/>\n<meta property=\"og:image\" content=\"https:\/\/www.ltv-sachsen.de\/wp-content\/uploads\/sites\/2\/2022\/07\/pirna_66450_600.jpg\" \/>\n\t<meta property=\"og:image:width\" content=\"600\" \/>\n\t<meta property=\"og:image:height\" content=\"400\" \/>\n\t<meta property=\"og:image:type\" content=\"image\/jpeg\" \/>\n<meta name=\"twitter:card\" content=\"summary_large_image\" \/>\n<meta name=\"twitter:label1\" content=\"Gesch\u00e4tzte Lesezeit\" \/>\n\t<meta name=\"twitter:data1\" content=\"2\u00a0Minuten\" \/>\n<script type=\"application\/ld+json\" class=\"yoast-schema-graph\">{\"@context\":\"https:\/\/schema.org\",\"@graph\":[{\"@type\":\"WebPage\",\"@id\":\"https:\/\/www.ltv-sachsen.de\/wanderundpilgerakademie\/aktuelles\/termine\/regionaler-erfahrungsaustausch-in-der-saechsischen-schweiz\/\",\"url\":\"https:\/\/www.ltv-sachsen.de\/wanderundpilgerakademie\/aktuelles\/termine\/regionaler-erfahrungsaustausch-in-der-saechsischen-schweiz\/\",\"name\":\"Regionaler Erfahrungsaustausch in der S\u00e4chsischen Schweiz - Wander- und Pilgerakademie\",\"isPartOf\":{\"@id\":\"https:\/\/www.ltv-sachsen.de\/wanderundpilgerakademie\/#website\"},\"primaryImageOfPage\":{\"@id\":\"https:\/\/www.ltv-sachsen.de\/wanderundpilgerakademie\/aktuelles\/termine\/regionaler-erfahrungsaustausch-in-der-saechsischen-schweiz\/#primaryimage\"},\"image\":{\"@id\":\"https:\/\/www.ltv-sachsen.de\/wanderundpilgerakademie\/aktuelles\/termine\/regionaler-erfahrungsaustausch-in-der-saechsischen-schweiz\/#primaryimage\"},\"thumbnailUrl\":\"https:\/\/www.ltv-sachsen.de\/wp-content\/uploads\/sites\/2\/2022\/07\/pirna_66450_600.jpg\",\"datePublished\":\"2022-07-01T08:53:48+00:00\",\"dateModified\":\"2022-11-10T10:42:21+00:00\",\"breadcrumb\":{\"@id\":\"https:\/\/www.ltv-sachsen.de\/wanderundpilgerakademie\/aktuelles\/termine\/regionaler-erfahrungsaustausch-in-der-saechsischen-schweiz\/#breadcrumb\"},\"inLanguage\":\"de\",\"potentialAction\":[{\"@type\":\"ReadAction\",\"target\":[\"https:\/\/www.ltv-sachsen.de\/wanderundpilgerakademie\/aktuelles\/termine\/regionaler-erfahrungsaustausch-in-der-saechsischen-schweiz\/\"]}]},{\"@type\":\"ImageObject\",\"inLanguage\":\"de\",\"@id\":\"https:\/\/www.ltv-sachsen.de\/wanderundpilgerakademie\/aktuelles\/termine\/regionaler-erfahrungsaustausch-in-der-saechsischen-schweiz\/#primaryimage\",\"url\":\"https:\/\/www.ltv-sachsen.de\/wp-content\/uploads\/sites\/2\/2022\/07\/pirna_66450_600.jpg\",\"contentUrl\":\"https:\/\/www.ltv-sachsen.de\/wp-content\/uploads\/sites\/2\/2022\/07\/pirna_66450_600.jpg\",\"width\":600,\"height\":400},{\"@type\":\"BreadcrumbList\",\"@id\":\"https:\/\/www.ltv-sachsen.de\/wanderundpilgerakademie\/aktuelles\/termine\/regionaler-erfahrungsaustausch-in-der-saechsischen-schweiz\/#breadcrumb\",\"itemListElement\":[{\"@type\":\"ListItem\",\"position\":1,\"name\":\"Home\",\"item\":\"https:\/\/www.ltv-sachsen.de\/wanderundpilgerakademie\/\"},{\"@type\":\"ListItem\",\"position\":2,\"name\":\"Termine\",\"item\":\"https:\/\/www.ltv-sachsen.de\/wanderundpilgerakademie\/aktuelles\/termine\/\"},{\"@type\":\"ListItem\",\"position\":3,\"name\":\"Regionaler Erfahrungsaustausch in der S\u00e4chsischen Schweiz\"}]},{\"@type\":\"WebSite\",\"@id\":\"https:\/\/www.ltv-sachsen.de\/wanderundpilgerakademie\/#website\",\"url\":\"https:\/\/www.ltv-sachsen.de\/wanderundpilgerakademie\/\",\"name\":\"Wander- und Pilgerakademie\",\"description\":\"Allgemeine Infos zur Wander- und Pilgerakademie\",\"potentialAction\":[{\"@type\":\"SearchAction\",\"target\":{\"@type\":\"EntryPoint\",\"urlTemplate\":\"https:\/\/www.ltv-sachsen.de\/wanderundpilgerakademie\/?s={search_term_string}\"},\"query-input\":{\"@type\":\"PropertyValueSpecification\",\"valueRequired\":true,\"valueName\":\"search_term_string\"}}],\"inLanguage\":\"de\"}]}<\/script>\n<!-- \/ Yoast SEO plugin. -->","yoast_head_json":{"title":"Regionaler Erfahrungsaustausch in der S\u00e4chsischen Schweiz - Wander- und Pilgerakademie","robots":{"index":"index","follow":"follow","max-snippet":"max-snippet:-1","max-image-preview":"max-image-preview:large","max-video-preview":"max-video-preview:-1"},"canonical":"https:\/\/www.ltv-sachsen.de\/wanderundpilgerakademie\/aktuelles\/termine\/regionaler-erfahrungsaustausch-in-der-saechsischen-schweiz\/","og_locale":"de_DE","og_type":"article","og_title":"Regionaler Erfahrungsaustausch in der S\u00e4chsischen Schweiz - Wander- und Pilgerakademie","og_description":"Die Wander- und Pilgerakademie Sachsen m\u00f6chte den Erfahrungsaustausch unterschiedlicher Akteure vor Ort erm\u00f6glichen. Wir m\u00f6chten, dass sich Menschen aus den Kirchgemeinden, die sich f\u00fcr das Thema \u201eOffene Kirchen&#8220; einsetzen, mit Menschen aus dem regionalen Umfeld, die sich mit dem Themenfeld \u201eWandern, Pilgern, Kirche und Tourismus&#8220; besch\u00e4ftigen, begegnen k\u00f6nnen. Dazu wird es im Jahr 2022 an [&hellip;]","og_url":"https:\/\/www.ltv-sachsen.de\/wanderundpilgerakademie\/aktuelles\/termine\/regionaler-erfahrungsaustausch-in-der-saechsischen-schweiz\/","og_site_name":"Wander- und Pilgerakademie","article_modified_time":"2022-11-10T10:42:21+00:00","og_image":[{"width":600,"height":400,"url":"https:\/\/www.ltv-sachsen.de\/wp-content\/uploads\/sites\/2\/2022\/07\/pirna_66450_600.jpg","type":"image\/jpeg"}],"twitter_card":"summary_large_image","twitter_misc":{"Gesch\u00e4tzte Lesezeit":"2\u00a0Minuten"},"schema":{"@context":"https:\/\/schema.org","@graph":[{"@type":"WebPage","@id":"https:\/\/www.ltv-sachsen.de\/wanderundpilgerakademie\/aktuelles\/termine\/regionaler-erfahrungsaustausch-in-der-saechsischen-schweiz\/","url":"https:\/\/www.ltv-sachsen.de\/wanderundpilgerakademie\/aktuelles\/termine\/regionaler-erfahrungsaustausch-in-der-saechsischen-schweiz\/","name":"Regionaler Erfahrungsaustausch in der S\u00e4chsischen Schweiz - Wander- und Pilgerakademie","isPartOf":{"@id":"https:\/\/www.ltv-sachsen.de\/wanderundpilgerakademie\/#website"},"primaryImageOfPage":{"@id":"https:\/\/www.ltv-sachsen.de\/wanderundpilgerakademie\/aktuelles\/termine\/regionaler-erfahrungsaustausch-in-der-saechsischen-schweiz\/#primaryimage"},"image":{"@id":"https:\/\/www.ltv-sachsen.de\/wanderundpilgerakademie\/aktuelles\/termine\/regionaler-erfahrungsaustausch-in-der-saechsischen-schweiz\/#primaryimage"},"thumbnailUrl":"https:\/\/www.ltv-sachsen.de\/wp-content\/uploads\/sites\/2\/2022\/07\/pirna_66450_600.jpg","datePublished":"2022-07-01T08:53:48+00:00","dateModified":"2022-11-10T10:42:21+00:00","breadcrumb":{"@id":"https:\/\/www.ltv-sachsen.de\/wanderundpilgerakademie\/aktuelles\/termine\/regionaler-erfahrungsaustausch-in-der-saechsischen-schweiz\/#breadcrumb"},"inLanguage":"de","potentialAction":[{"@type":"ReadAction","target":["https:\/\/www.ltv-sachsen.de\/wanderundpilgerakademie\/aktuelles\/termine\/regionaler-erfahrungsaustausch-in-der-saechsischen-schweiz\/"]}]},{"@type":"ImageObject","inLanguage":"de","@id":"https:\/\/www.ltv-sachsen.de\/wanderundpilgerakademie\/aktuelles\/termine\/regionaler-erfahrungsaustausch-in-der-saechsischen-schweiz\/#primaryimage","url":"https:\/\/www.ltv-sachsen.de\/wp-content\/uploads\/sites\/2\/2022\/07\/pirna_66450_600.jpg","contentUrl":"https:\/\/www.ltv-sachsen.de\/wp-content\/uploads\/sites\/2\/2022\/07\/pirna_66450_600.jpg","width":600,"height":400},{"@type":"BreadcrumbList","@id":"https:\/\/www.ltv-sachsen.de\/wanderundpilgerakademie\/aktuelles\/termine\/regionaler-erfahrungsaustausch-in-der-saechsischen-schweiz\/#breadcrumb","itemListElement":[{"@type":"ListItem","position":1,"name":"Home","item":"https:\/\/www.ltv-sachsen.de\/wanderundpilgerakademie\/"},{"@type":"ListItem","position":2,"name":"Termine","item":"https:\/\/www.ltv-sachsen.de\/wanderundpilgerakademie\/aktuelles\/termine\/"},{"@type":"ListItem","position":3,"name":"Regionaler Erfahrungsaustausch in der S\u00e4chsischen Schweiz"}]},{"@type":"WebSite","@id":"https:\/\/www.ltv-sachsen.de\/wanderundpilgerakademie\/#website","url":"https:\/\/www.ltv-sachsen.de\/wanderundpilgerakademie\/","name":"Wander- und Pilgerakademie","description":"Allgemeine Infos zur Wander- und Pilgerakademie","potentialAction":[{"@type":"SearchAction","target":{"@type":"EntryPoint","urlTemplate":"https:\/\/www.ltv-sachsen.de\/wanderundpilgerakademie\/?s={search_term_string}"},"query-input":{"@type":"PropertyValueSpecification","valueRequired":true,"valueName":"search_term_string"}}],"inLanguage":"de"}]}},"_links":{"self":[{"href":"https:\/\/www.ltv-sachsen.de\/wanderundpilgerakademie\/wp-json\/wp\/v2\/termine\/299","targetHints":{"allow":["GET"]}}],"collection":[{"href":"https:\/\/www.ltv-sachsen.de\/wanderundpilgerakademie\/wp-json\/wp\/v2\/termine"}],"about":[{"href":"https:\/\/www.ltv-sachsen.de\/wanderundpilgerakademie\/wp-json\/wp\/v2\/types\/termine"}],"wp:featuredmedia":[{"embeddable":true,"href":"https:\/\/www.ltv-sachsen.de\/wanderundpilgerakademie\/wp-json\/wp\/v2\/media\/301"}],"wp:attachment":[{"href":"https:\/\/www.ltv-sachsen.de\/wanderundpilgerakademie\/wp-json\/wp\/v2\/media?parent=299"}],"wp:term":[{"taxonomy":"bereich","embeddable":true,"href":"https:\/\/www.ltv-sachsen.de\/wanderundpilgerakademie\/wp-json\/wp\/v2\/bereich?post=299"}],"curies":[{"name":"wp","href":"https:\/\/api.w.org\/{rel}","templated":true}]}}

Regionaler Erfahrungsaustausch in der Sächsischen Schweiz

<p><strong>Die Wander- und Pilgerakademie Sachsen möchte den Erfahrungsaustausch unterschiedlicher Akteure vor Ort ermöglichen. </strong></p>
<p>Wir möchten, dass sich Menschen aus den Kirchgemeinden, die sich für das Thema „Offene Kirchen&#8220; einsetzen, mit Menschen aus dem regionalen Umfeld, die sich mit dem Themenfeld „Wandern, Pilgern, Kirche und Tourismus&#8220; beschäftigen, begegnen können.<br />
Dazu wird es im Jahr 2022 an sieben unterschiedlichen Orten in Sachsen Freitagnachmittags die Gelegenheit zum Austausch geben. Bereits am Vormittag startet jeweils ein hochkarätiger Fachvortrag in Verbindung mit der Besichtigung einer bedeutenden Kirchen oder eines anderen geschichtlich relevanten Ortes.<br />
Es folgt ein Angebot für das Mittagessen. Nach dem Mittagessen gibt es Informationen aus der touristischen Destination und wir laden zum Erfahrungsaustausch und zum Gespräch ein.</p>
<p>Wir freuen uns, wenn Sie interessiert sind und sich anmelden!<br />
Sie können sich auch nur zu Besichtigung und Fachvortrag am Vormittag anmelden.</p>
<p>Thematisch wird es in Pirna um die Einbindung der Stadt in die Geschichte Sachsens gehen. Unser Gast, der Dombaumeister i.R. Günter Donath, wird das u.a. an Hand der gotische Klosterkirche des ehemaligen Dominikanerklosters am Rand der Altstadt und der Marienkirche (eine der größten spätgotischen Hallenkirchen) im Zentrum der Altstadt entfalten.</p>
<p>Die Veranstaltung beginnt 10.00 Uhr. Ein Angebot zum Mittagessen wird es geben. Es entstehen keine Kosten (das Projekt wird gefördert vom Freistaat Sachsen).</p>
<p>Eingeladen sind Akteure der „Offenen Kirchen&#8220;, der Pilgerinitiativen, der Wanderverbände, sowie Menschen, die sich als Wegewarte oder im Bereich Kirche und Tourismus in der Region Sächsische Schweiz engagieren. Diese Veranstaltung wird mitfinanziert durch Steuermittel auf der Grundlage des vom Sächsischen Landtag beschlossenen Haushalts.</p>
<p><a class="button button--primary" href="https://www.eeb-sachsen.de/regionaler-erfahrungsaustausch-in-der-s%C3%A4chsischen-schweiz.html?fart=1" target="_blank" rel="noopener">Zur Anmeldung</a></p>

<!-- This site is optimized with the Yoast SEO plugin v26.4 - https://yoast.com/wordpress/plugins/seo/ -->
<title>Regionaler Erfahrungsaustausch in der Sächsischen Schweiz - Wander- und Pilgerakademie</title>
<meta name="robots" content="index, follow, max-snippet:-1, max-image-preview:large, max-video-preview:-1" />
<link rel="canonical" href="https://www.ltv-sachsen.de/wanderundpilgerakademie/aktuelles/termine/regionaler-erfahrungsaustausch-in-der-saechsischen-schweiz/" />
<meta property="og:locale" content="de_DE" />
<meta property="og:type" content="article" />
<meta property="og:title" content="Regionaler Erfahrungsaustausch in der Sächsischen Schweiz - Wander- und Pilgerakademie" />
<meta property="og:description" content="Die Wander- und Pilgerakademie Sachsen möchte den Erfahrungsaustausch unterschiedlicher Akteure vor Ort ermöglichen. Wir möchten, dass sich Menschen aus den Kirchgemeinden, die sich für das Thema „Offene Kirchen&#8220; einsetzen, mit Menschen aus dem regionalen Umfeld, die sich mit dem Themenfeld „Wandern, Pilgern, Kirche und Tourismus&#8220; beschäftigen, begegnen können. Dazu wird es im Jahr 2022 an [&hellip;]" />
<meta property="og:url" content="https://www.ltv-sachsen.de/wanderundpilgerakademie/aktuelles/termine/regionaler-erfahrungsaustausch-in-der-saechsischen-schweiz/" />
<meta property="og:site_name" content="Wander- und Pilgerakademie" />
<meta property="article:modified_time" content="2022-11-10T10:42:21+00:00" />
<meta property="og:image" content="https://www.ltv-sachsen.de/wp-content/uploads/sites/2/2022/07/pirna_66450_600.jpg" />
	<meta property="og:image:width" content="600" />
	<meta property="og:image:height" content="400" />
	<meta property="og:image:type" content="image/jpeg" />
<meta name="twitter:card" content="summary_large_image" />
<meta name="twitter:label1" content="Geschätzte Lesezeit" />
	<meta name="twitter:data1" content="2 Minuten" />
<script type="application/ld+json" class="yoast-schema-graph">{"@context":"https://schema.org","@graph":[{"@type":"WebPage","@id":"https://www.ltv-sachsen.de/wanderundpilgerakademie/aktuelles/termine/regionaler-erfahrungsaustausch-in-der-saechsischen-schweiz/","url":"https://www.ltv-sachsen.de/wanderundpilgerakademie/aktuelles/termine/regionaler-erfahrungsaustausch-in-der-saechsischen-schweiz/","name":"Regionaler Erfahrungsaustausch in der Sächsischen Schweiz - Wander- und Pilgerakademie","isPartOf":{"@id":"https://www.ltv-sachsen.de/wanderundpilgerakademie/#website"},"primaryImageOfPage":{"@id":"https://www.ltv-sachsen.de/wanderundpilgerakademie/aktuelles/termine/regionaler-erfahrungsaustausch-in-der-saechsischen-schweiz/#primaryimage"},"image":{"@id":"https://www.ltv-sachsen.de/wanderundpilgerakademie/aktuelles/termine/regionaler-erfahrungsaustausch-in-der-saechsischen-schweiz/#primaryimage"},"thumbnailUrl":"https://www.ltv-sachsen.de/wp-content/uploads/sites/2/2022/07/pirna_66450_600.jpg","datePublished":"2022-07-01T08:53:48+00:00","dateModified":"2022-11-10T10:42:21+00:00","breadcrumb":{"@id":"https://www.ltv-sachsen.de/wanderundpilgerakademie/aktuelles/termine/regionaler-erfahrungsaustausch-in-der-saechsischen-schweiz/#breadcrumb"},"inLanguage":"de","potentialAction":[{"@type":"ReadAction","target":["https://www.ltv-sachsen.de/wanderundpilgerakademie/aktuelles/termine/regionaler-erfahrungsaustausch-in-der-saechsischen-schweiz/"]}]},{"@type":"ImageObject","inLanguage":"de","@id":"https://www.ltv-sachsen.de/wanderundpilgerakademie/aktuelles/termine/regionaler-erfahrungsaustausch-in-der-saechsischen-schweiz/#primaryimage","url":"https://www.ltv-sachsen.de/wp-content/uploads/sites/2/2022/07/pirna_66450_600.jpg","contentUrl":"https://www.ltv-sachsen.de/wp-content/uploads/sites/2/2022/07/pirna_66450_600.jpg","width":600,"height":400},{"@type":"BreadcrumbList","@id":"https://www.ltv-sachsen.de/wanderundpilgerakademie/aktuelles/termine/regionaler-erfahrungsaustausch-in-der-saechsischen-schweiz/#breadcrumb","itemListElement":[{"@type":"ListItem","position":1,"name":"Home","item":"https://www.ltv-sachsen.de/wanderundpilgerakademie/"},{"@type":"ListItem","position":2,"name":"Termine","item":"https://www.ltv-sachsen.de/wanderundpilgerakademie/aktuelles/termine/"},{"@type":"ListItem","position":3,"name":"Regionaler Erfahrungsaustausch in der Sächsischen Schweiz"}]},{"@type":"WebSite","@id":"https://www.ltv-sachsen.de/wanderundpilgerakademie/#website","url":"https://www.ltv-sachsen.de/wanderundpilgerakademie/","name":"Wander- und Pilgerakademie","description":"Allgemeine Infos zur Wander- und Pilgerakademie","potentialAction":[{"@type":"SearchAction","target":{"@type":"EntryPoint","urlTemplate":"https://www.ltv-sachsen.de/wanderundpilgerakademie/?s={search_term_string}"},"query-input":{"@type":"PropertyValueSpecification","valueRequired":true,"valueName":"search_term_string"}}],"inLanguage":"de"}]}</script>
<!-- / Yoast SEO plugin. -->

Regionaler Erfahrungsaustausch in der Sächsischen Schweiz - Wander- und Pilgerakademie

Die Wander- und Pilgerakademie Sachsen möchte den Erfahrungsaustausch unterschiedlicher Akteure vor Ort ermöglichen. Wir möchten, dass sich Menschen aus den Kirchgemeinden, die sich für das Thema „Offene Kirchen&#8220; einsetzen, mit Menschen aus dem regionalen Umfeld, die sich mit dem Themenfeld „Wandern, Pilgern, Kirche und Tourismus&#8220; beschäftigen, begegnen können. Dazu wird es im Jahr 2022 an [&hellip;]
